divided by 46.
14
What is the remainder when 291 is divided by 145?
1
Calculate the remainder when 1718 is divided by 20.
18
Calculate the remainder when 41476 is divided by 223.
221
What is the remainder when 40 is divided by 11?
7
Calculate the remainder when 1487 is divided by 150.
137
What is the remainder when 1769 is divided by 856?
57
Calculate the remainder when 143 is divided by 6.
5
What is the remainder when 185 is divided by 29?
11
Calculate the remainder when 44 is divided by 30.
14
Calculate the remainder when 514 is divided by 65.
59
What is the remainder when 1449 is divided by 722?
5
Calculate the remainder when 1608 is divided by 183.
144
What is the remainder when 1716 is divided by 210?
36
Calculate the remainder when 8435 is divided by 148.
147
Calculate the remainder when 159 is divided by 16.
15
Calculate the remainder when 2378 is divided by 35.
33
What is the remainder when 367 is divided by 76?
63
What is the remainder when 2512 is divided by 6?
4
What is the remainder when 95 is divided by 43?
9
Calculate the remainder when 423 is divided by 85.
83
What is the remainder when 18 is divided by 6?
0
Calculate the remainder when 29 is divided by 10.
9
Calculate the remainder when 1450 is divided by 162.
154
Calculate the remainder when 277 is divided by 40.
37
Calculate the remainder when 13327 is divided by 56.
55
What is the remainder when 644 is divided by 232?
180
What is the remainder when 178 is divided by 37?
30
What is the remainder when 231 is divided by 58?
57
What is the remainder when 876 is divided by 59?
50
What is the remainder when 328 is divided by 136?
56
What is the remainder when 24973 is divided by 14?
11
What is the remainder when 3603 is divided by 17?
16
Calculate the remainder when 10580 is divided by 74.
72
Calculate the remainder when 48 is divided by 9.
3
Calculate the remainder when 8799 is divided by 8.
7
What is the remainder when 765 is divided by 159?
129
What is the remainder when 1992 is divided by 54?
48
What is the remainder when 2886 is divided by 319?
15
Calculate the remainder when 2855 is divided by 109.
21
Calculate the remainder when 304 is divided by 5.
4
What is the remainder when 7027 is divided by 34?
23
Calculate the remainder when 3748 is divided by 90.
58
Calculate the remainder when 2867 is divided by 318.
5
What is the remainder when 155 is divided by 107?
48
What is the remainder when 54536 is divided by 21?
20
What is the remainder when 510 is divided by 57?
54
Calculate the remainder when 228 is divided by 71.
15
What is the remainder when 3517 is divided by 22?
19
What is the remainder when 146 is divided by 7?
6
Calculate the remainder when 103 is divided by 40.
23
What is the remainder when 28074 is divided by 202?
198
What is the remainder when 40 is divided by 23?
17
Calculate the remainder when 658 is divided by 260.
138
What is the remainder when 61 is divided by 43?
18
What is the remainder when 171 is divided by 29?
26
What is the remainder when 644 is divided by 25?
19
What is the remainder when 902 is divided by 74?
14
Calculate the remainder when 249 is divided by 9.
6
What is the remainder when 298 is divided by 71?
14
Calculate the remainder when 543 is divided by 13.
10
Calculate the remainder when 374 is divided by 190.
184
What is the remainder when 251 is divided by 21?
20
What is the remainder when 3755 is divided by 198?
191
Calculate the remainder when 1955 is divided by 48.
35
What is the remainder when 12899 is divided by 461?
452
Calculate the remainder when 223 is divided by 32.
31
What is the remainder when 612 is divided by 132?
84
What is the remainder when 200 is divided by 84?
32
What is the remainder when 100 is divided by 56?
44
What is the remainder when 2012 is divided by 163?
56
Calculate the remainder when 252 is divided by 78.
18
Calculate the remainder when 991 is divided by 16.
15
What is the remainder when 187 is divided by 67?
53
Calculate the remainder when 162 is divided by 157.
5
What is the remainder when 71 is divided by 12?
11
Calculate the remainder when 2086 is divided by 12.
10
Calculate the remainder when 98 is divided by 22.
10
Calculate the remainder when 3892 is divided by 33.
31
Calculate the remainder when 552 is divided by 37.
34
What is the remainder when 526 is divided by 23?
20
Calculate the remainder when 318 is divided by 45.
3
What is the remainder when 173 is divided by 28?
5
What is the remainder when 483 is divided by 122?
117
Calculate the remainder when 32591 is divided by 14.
13
What is the remainder when 2504 is divided by 86?
10
What is the remainder when 16694 is divided by 69?
65
Calculate the remainder when 30 is divided by 17.
13
What is the remainder when 2030 is divided by 107?
104
What is the remainder when 286 is divided by 218?
68
Calculate the remainder when 1335 is divided by 167.
166
Calculate the remainder when 863 is divided by 32.
31
Calculate the remainder when 55 is divided by 8.
7
Calculate the remainder when 158 is divided by 20.
18
What is the remainder when 51 is divided by 27?
24
What is the remainder when 662 is divided by 5?
2
Calculate the remainder when 1775 is divided by 6.
5
Calculate the remainder when 1822 is divided by 73.
70
What is the remainder when 60 is divided by 3?
0
Calculate the remainder when 799 is divided by 30.
19
What is the remainder when 129 is divided by 31?
5
Calculate the remainder when 2265 is divided by 126.
123
Calculate the remainder when 2203 is divided by 76.
75
What is the remainder when 2016 is divided by 7?
0
Calculate the remainder when 3117 is divided by 195.
192
Calculate the remainder when 999 is divided by 248.
7
Calculate the remainder when 61 is divided by 51.
10
Calculate the remainder when 3292 is divided by 21.
16
What is the remainder when 371 is divided by 39?
20
Calculate the remainder when 448 is divided by 66.
52
What is the remainder when 1582 is divided by 23?
18
Calculate the remainder when 994 is divided by 200.
194
Calculate the remainder when 155 is divided by 154.
1
What is the remainder when 1369 is divided by 98?
95
Calculate the remainder when 2230 is divided by 741.
7
What is the remainder when 32 is divided by 18?
14
What is the remainder when 1818 is divided by 96?
90
What is the remainder when 1886 is divided by 118?
116
Calculate the remainder when 523 is divided by 22.
17
What is the remainder when 342 is divided by 23?
20
What is the remainder when 1751 is divided by 63?
50
What is the remainder when 112 is divided by 43?
26
What is the remainder when 22194 is divided by 100?
94
What is the remainder when 83 is divided by 18?
11
Calculate the remainder when 497 is divided by 92.
37
What is the remainder when 425 is divided by 23?
11
What is the remainder when 119 is divided by 33?
20
What is the remainder when 759 is divided by 12?
3
What is the remainder when 5555 is divided by 24?
11
What is the remainder when 33 is divided by 10?
3
What is the remainder when 184 is divided by 18?
4
Calculate the remainder when 106 is divided by 28.
22
Calculate the remainder when 904 is divided by 896.
8
What is the remainder when 379 is divided by 16?
11
Calculate the remainder when 2167 is divided by 35.
32
What is the remainder when 898 is divided by 65?
53
What is the remainder when 790 is divided by 136?
110
What is the remainder when 91 is divided by 54?
37
What is the remainder when 1169 is divided by 75?
44
Calculate the remainder when 143 is divided by 66.
11
Calculate the remainder when 1159 is divided by 35.
4
What is the remainder when 2195 is divided by 100?
95
Calculate the remainder when 2659 is divided by 28.
27
What is the remainder when 5013 is divided by 114?
111
Calculate the remainder when 212 is divided by 110.
102
Calculate the remainder when 176 is divided by 12.
8
Calculate the remainder when 603 is divided by 26.
5
Calculate the remainder when 191 is divided by 117.
74
Calculate the remainder when 735 is divided by 175.
35
Calculate the remainder when 890 is divided by 81.
80
Calculate the remainder when 627 is divided by 15.
12
What is the remainder when 592 is divided by 222?
148
Calculate the remainder when 3826 is divided by 87.
85
Calculate the remainder when 5706 is divided by 5699.
7
